{"id":639,"date":"2025-07-04T18:00:57","date_gmt":"2025-07-04T16:00:57","guid":{"rendered":"http:\/\/horizon-cellars.com\/?page_id=639"},"modified":"2025-07-29T19:46:57","modified_gmt":"2025-07-29T17:46:57","slug":"test-services","status":"publish","type":"page","link":"https:\/\/horizon-cellars.com\/index.php\/test-services\/","title":{"rendered":"Nos services"},"content":{"rendered":"\t\t<div data-elementor-type=\"wp-page\" data-elementor-id=\"639\" class=\"elementor elementor-639\" data-elementor-post-type=\"page\">\n\t\t\t\t<div class=\"elementor-element elementor-element-867f0fb e-con-full e-flex e-con e-parent\" data-id=\"867f0fb\" data-element_type=\"container\" data-settings=\"{&quot;background_background&quot;:&quot;classic&quot;}\">\n\t\t<div class=\"elementor-element elementor-element-7814b2f e-con-full elementor-hidden-tablet elementor-hidden-mobile e-flex e-con e-child\" data-id=\"7814b2f\" data-element_type=\"container\">\n\t\t<div class=\"elementor-element elementor-element-017d111 e-con-full e-flex e-con e-child\" data-id=\"017d111\" data-element_type=\"container\" data-settings=\"{&quot;background_background&quot;:&quot;classic&quot;}\">\n\t\t<div class=\"elementor-element elementor-element-c1f0a80 e-con-full e-flex e-con e-child\" data-id=\"c1f0a80\" data-element_type=\"container\">\n\t\t\t\t<div class=\"elementor-element elementor-element-59b6045 elementor-widget elementor-widget-heading\" data-id=\"59b6045\" data-element_type=\"widget\" data-widget_type=\"heading.default\">\n\t\t\t\t<div class=\"elementor-widget-container\">\n\t\t\t\t\t<h2 class=\"elementor-heading-title elementor-size-default\">Distribution<\/h2>\t\t\t\t<\/div>\n\t\t\t\t<\/div>\n\t\t\t\t<div class=\"elementor-element elementor-element-4c65a7a elementor-widget__width-initial elementor-widget elementor-widget-text-editor\" data-id=\"4c65a7a\" data-element_type=\"widget\" data-settings=\"{&quot;motion_fx_motion_fx_scrolling&quot;:&quot;yes&quot;,&quot;motion_fx_devices&quot;:[&quot;desktop&quot;,&quot;tablet&quot;,&quot;mobile&quot;]}\" data-widget_type=\"text-editor.default\">\n\t\t\t\t<div class=\"elementor-widget-container\">\n\t\t\t\t\t\t\t\t\t<div class=\"container\"><h5 class=\"th\" style=\"text-align: center;\">Service de distribution 24h\/24, 7j\/7 \u2013 pour entreprises, restaurants, plages et cavistes.<\/h5><\/div>\t\t\t\t\t\t\t\t<\/div>\n\t\t\t\t<\/div>\n\t\t\t\t<\/div>\n\t\t\t\t<\/div>\n\t\t<div class=\"elementor-element elementor-element-d4ba67f e-con-full e-flex e-con e-child\" data-id=\"d4ba67f\" data-element_type=\"container\" data-settings=\"{&quot;background_background&quot;:&quot;classic&quot;}\">\n\t\t<div class=\"elementor-element elementor-element-5a96620 e-con-full e-flex e-con e-child\" data-id=\"5a96620\" data-element_type=\"container\">\n\t\t\t\t<div class=\"elementor-element elementor-element-49884b8 elementor-widget elementor-widget-heading\" data-id=\"49884b8\" data-element_type=\"widget\" data-widget_type=\"heading.default\">\n\t\t\t\t<div class=\"elementor-widget-container\">\n\t\t\t\t\t<h2 class=\"elementor-heading-title elementor-size-default\">AGENCE COMMERCIALE<\/h2>\t\t\t\t<\/div>\n\t\t\t\t<\/div>\n\t\t\t\t<div class=\"elementor-element elementor-element-eb91a7f elementor-widget__width-initial elementor-widget elementor-widget-text-editor\" data-id=\"eb91a7f\" data-element_type=\"widget\" data-settings=\"{&quot;motion_fx_motion_fx_scrolling&quot;:&quot;yes&quot;,&quot;motion_fx_devices&quot;:[&quot;desktop&quot;,&quot;tablet&quot;,&quot;mobile&quot;]}\" data-widget_type=\"text-editor.default\">\n\t\t\t\t<div class=\"elementor-widget-container\">\n\t\t\t\t\t\t\t\t\t<div class=\"container\"><h5 class=\"th\" style=\"text-align: center;\">Repr\u00e9sentation de domaines, cr\u00e9ation sur mesure de cartes des vins, services de courtage.<\/h5><\/div>\t\t\t\t\t\t\t\t<\/div>\n\t\t\t\t<\/div>\n\t\t\t\t<\/div>\n\t\t\t\t<\/div>\n\t\t<div class=\"elementor-element elementor-element-af95c2f e-con-full e-flex e-con e-child\" data-id=\"af95c2f\" data-element_type=\"container\" data-settings=\"{&quot;background_background&quot;:&quot;classic&quot;}\">\n\t\t<div class=\"elementor-element elementor-element-d355128 e-con-full e-flex e-con e-child\" data-id=\"d355128\" data-element_type=\"container\">\n\t\t\t\t<div class=\"elementor-element elementor-element-4c6fd26 elementor-widget elementor-widget-heading\" data-id=\"4c6fd26\" data-element_type=\"widget\" data-widget_type=\"heading.default\">\n\t\t\t\t<div class=\"elementor-widget-container\">\n\t\t\t\t\t<h2 class=\"elementor-heading-title elementor-size-default\">CONCIERGERIE<\/h2>\t\t\t\t<\/div>\n\t\t\t\t<\/div>\n\t\t\t\t<div class=\"elementor-element elementor-element-aa789e6 elementor-widget__width-initial elementor-widget elementor-widget-text-editor\" data-id=\"aa789e6\" data-element_type=\"widget\" data-settings=\"{&quot;motion_fx_motion_fx_scrolling&quot;:&quot;yes&quot;,&quot;motion_fx_devices&quot;:[&quot;desktop&quot;,&quot;tablet&quot;,&quot;mobile&quot;]}\" data-widget_type=\"text-editor.default\">\n\t\t\t\t<div class=\"elementor-widget-container\">\n\t\t\t\t\t\t\t\t\t<div class=\"container\"><h5 class=\"th\">Un service personnalis\u00e9 pour d\u00e9nicher les tr\u00e9sors les plus exclusifs.<\/h5><\/div>\t\t\t\t\t\t\t\t<\/div>\n\t\t\t\t<\/div>\n\t\t\t\t<\/div>\n\t\t\t\t<\/div>\n\t\t\t\t<\/div>\n\t\t<div class=\"elementor-element elementor-element-d1aa49b e-con-full elementor-hidden-desktop e-flex e-con e-child\" data-id=\"d1aa49b\" data-element_type=\"container\">\n\t\t<div class=\"elementor-element elementor-element-38b0d45 e-con-full e-flex e-con e-child\" data-id=\"38b0d45\" data-element_type=\"container\" data-settings=\"{&quot;background_background&quot;:&quot;classic&quot;}\">\n\t\t<div class=\"elementor-element elementor-element-725bd53 e-con-full e-flex e-con e-child\" data-id=\"725bd53\" data-element_type=\"container\">\n\t\t\t\t<div class=\"elementor-element elementor-element-04813c6 elementor-widget elementor-widget-text-editor\" data-id=\"04813c6\" data-element_type=\"widget\" data-widget_type=\"text-editor.default\">\n\t\t\t\t<div class=\"elementor-widget-container\">\n\t\t\t\t\t\t\t\t\t<h2 style=\"text-align: center;\"><strong><span style=\"color: #ffffff;\">DISTRIBUTION<\/span><\/strong><\/h2><p>\u00a0<\/p><p><span style=\"color: #ffffff;\">Service de distribution 24h\/24, 7j\/7 \u2013 pour entreprises, restaurants, plages et cavistes.<\/span><\/p>\t\t\t\t\t\t\t\t<\/div>\n\t\t\t\t<\/div>\n\t\t\t\t<\/div>\n\t\t\t\t<\/div>\n\t\t<div class=\"elementor-element elementor-element-2f6305c e-con-full e-flex e-con e-child\" data-id=\"2f6305c\" data-element_type=\"container\" data-settings=\"{&quot;background_background&quot;:&quot;classic&quot;}\">\n\t\t<div class=\"elementor-element elementor-element-98dc36c e-con-full e-flex e-con e-child\" data-id=\"98dc36c\" data-element_type=\"container\">\n\t\t\t\t<div class=\"elementor-element elementor-element-5cba123 elementor-widget elementor-widget-text-editor\" data-id=\"5cba123\" data-element_type=\"widget\" data-widget_type=\"text-editor.default\">\n\t\t\t\t<div class=\"elementor-widget-container\">\n\t\t\t\t\t\t\t\t\t<h2 style=\"text-align: center;\"><span style=\"color: #ffffff;\"><strong>AGENCE COMMERCIALE<\/strong><\/span><\/h2><p><span style=\"color: #ffffff;\">Repr\u00e9sentation de domaines, cr\u00e9ation sur mesure de cartes des vins, services de courtage.<\/span><\/p>\t\t\t\t\t\t\t\t<\/div>\n\t\t\t\t<\/div>\n\t\t\t\t<\/div>\n\t\t\t\t<\/div>\n\t\t<div class=\"elementor-element elementor-element-3fe2de7 e-con-full e-flex e-con e-child\" data-id=\"3fe2de7\" data-element_type=\"container\" data-settings=\"{&quot;background_background&quot;:&quot;classic&quot;}\">\n\t\t<div class=\"elementor-element elementor-element-847bf5d e-con-full e-flex e-con e-child\" data-id=\"847bf5d\" data-element_type=\"container\">\n\t\t\t\t<div class=\"elementor-element elementor-element-6154c24 elementor-widget elementor-widget-text-editor\" data-id=\"6154c24\" data-element_type=\"widget\" data-widget_type=\"text-editor.default\">\n\t\t\t\t<div class=\"elementor-widget-container\">\n\t\t\t\t\t\t\t\t\t<h2><span style=\"color: #ffffff;\">CONCIERGERIE<\/span><\/h2><p>\u00a0<\/p><p><span style=\"color: #ffffff;\">Un service personnalis\u00e9 pour d\u00e9nicher les tr\u00e9sors les plus exclusifs.<\/span><\/p>\t\t\t\t\t\t\t\t<\/div>\n\t\t\t\t<\/div>\n\t\t\t\t<\/div>\n\t\t\t\t<\/div>\n\t\t\t\t<\/div>\n\t\t\t\t<\/div>\n\t\t\t\t<\/div>\n\t\t","protected":false},"excerpt":{"rendered":"<p>Distribution Service de distribution 24h\/24, 7j\/7 \u2013 pour entreprises, restaurants, plages et cavistes. AGENCE COMMERCIALE Repr\u00e9sentation de domaines, cr\u00e9ation sur mesure de cartes des vins, services de courtage. CONCIERGERIE Un service personnalis\u00e9 pour d\u00e9nicher les tr\u00e9sors les plus exclusifs. DISTRIBUTION \u00a0 Service de distribution 24h\/24, 7j\/7 \u2013 pour entreprises, restaurants, plages et cavistes. AGENCE COMMERCIALE [&hellip;]<\/p>\n","protected":false},"author":2,"featured_media":0,"parent":0,"menu_order":0,"comment_status":"closed","ping_status":"closed","template":"","meta":{"_acf_changed":false,"footnotes":""},"class_list":["post-639","page","type-page","status-publish","hentry"],"acf":[],"_links":{"self":[{"href":"https:\/\/horizon-cellars.com\/index.php\/wp-json\/wp\/v2\/pages\/639","targetHints":{"allow":["GET"]}}],"collection":[{"href":"https:\/\/horizon-cellars.com\/index.php\/wp-json\/wp\/v2\/pages"}],"about":[{"href":"https:\/\/horizon-cellars.com\/index.php\/wp-json\/wp\/v2\/types\/page"}],"author":[{"embeddable":true,"href":"https:\/\/horizon-cellars.com\/index.php\/wp-json\/wp\/v2\/users\/2"}],"replies":[{"embeddable":true,"href":"https:\/\/horizon-cellars.com\/index.php\/wp-json\/wp\/v2\/comments?post=639"}],"version-history":[{"count":143,"href":"https:\/\/horizon-cellars.com\/index.php\/wp-json\/wp\/v2\/pages\/639\/revisions"}],"predecessor-version":[{"id":1255,"href":"https:\/\/horizon-cellars.com\/index.php\/wp-json\/wp\/v2\/pages\/639\/revisions\/1255"}],"wp:attachment":[{"href":"https:\/\/horizon-cellars.com\/index.php\/wp-json\/wp\/v2\/media?parent=639"}],"curies":[{"name":"wp","href":"https:\/\/api.w.org\/{rel}","templated":true}]}}