{"id":249,"date":"2025-06-24T16:01:46","date_gmt":"2025-06-24T14:01:46","guid":{"rendered":"http:\/\/horizon-cellars.com\/?page_id=249"},"modified":"2025-07-09T11:37:44","modified_gmt":"2025-07-09T09:37:44","slug":"notre-histoire","status":"publish","type":"page","link":"https:\/\/horizon-cellars.com\/index.php\/notre-histoire\/","title":{"rendered":"Notre Histoire"},"content":{"rendered":"\t\t<div data-elementor-type=\"wp-page\" data-elementor-id=\"249\" class=\"elementor elementor-249\" data-elementor-post-type=\"page\">\n\t\t\t\t<div class=\"elementor-element elementor-element-8d21d65 e-con-full e-flex e-con e-parent\" data-id=\"8d21d65\" data-element_type=\"container\" data-settings=\"{&quot;background_background&quot;:&quot;video&quot;,&quot;background_video_link&quot;:&quot;http:\\\/\\\/horizon-cellars.com\\\/wp-content\\\/uploads\\\/2025\\\/07\\\/monaco-port-de-fontvieille-in-monaco-overview-2023-11-27-05-01-10-utc.mp4&quot;,&quot;background_play_on_mobile&quot;:&quot;yes&quot;}\">\n\t\t<div class=\"elementor-background-video-container\">\n\t\t\t\t\t\t\t<video class=\"elementor-background-video-hosted\" autoplay muted playsinline loop><\/video>\n\t\t\t\t\t<\/div>\t\t<div class=\"elementor-element elementor-element-86f9445 elementor-widget elementor-widget-heading\" data-id=\"86f9445\" data-element_type=\"widget\" data-settings=\"{&quot;motion_fx_motion_fx_scrolling&quot;:&quot;yes&quot;,&quot;motion_fx_opacity_effect&quot;:&quot;yes&quot;,&quot;motion_fx_opacity_level&quot;:{&quot;unit&quot;:&quot;px&quot;,&quot;size&quot;:8.1,&quot;sizes&quot;:[]},&quot;motion_fx_opacity_range&quot;:{&quot;unit&quot;:&quot;%&quot;,&quot;size&quot;:&quot;&quot;,&quot;sizes&quot;:{&quot;start&quot;:0,&quot;end&quot;:61}},&quot;motion_fx_opacity_direction&quot;:&quot;out-in&quot;,&quot;motion_fx_devices&quot;:[&quot;desktop&quot;,&quot;tablet&quot;,&quot;mobile&quot;]}\" data-widget_type=\"heading.default\">\n\t\t\t\t<div class=\"elementor-widget-container\">\n\t\t\t\t\t<h2 class=\"elementor-heading-title elementor-size-default\">Notre Histoire<\/h2>\t\t\t\t<\/div>\n\t\t\t\t<\/div>\n\t\t\t\t<\/div>\n\t\t<div class=\"elementor-element elementor-element-8994423 e-flex e-con-boxed e-con e-parent\" data-id=\"8994423\" data-element_type=\"container\" data-settings=\"{&quot;background_background&quot;:&quot;classic&quot;}\">\n\t\t\t\t\t<div class=\"e-con-inner\">\n\t\t<div class=\"elementor-element elementor-element-03b082d e-con-full e-flex e-con e-child\" data-id=\"03b082d\" data-element_type=\"container\">\n\t\t<div class=\"elementor-element elementor-element-11a1a2e e-con-full e-flex e-con e-child\" data-id=\"11a1a2e\" data-element_type=\"container\">\n\t\t<div class=\"elementor-element elementor-element-622fd02 e-con-full e-flex e-con e-child\" data-id=\"622fd02\" data-element_type=\"container\">\n\t\t\t\t<div class=\"elementor-element elementor-element-306a42e elementor-widget elementor-widget-image\" data-id=\"306a42e\" data-element_type=\"widget\" data-widget_type=\"image.default\">\n\t\t\t\t<div class=\"elementor-widget-container\">\n\t\t\t\t\t\t\t\t\t\t\t\t\t\t\t<img fetchpriority=\"high\" decoding=\"async\" width=\"683\" height=\"1024\" src=\"https:\/\/horizon-cellars.com\/wp-content\/uploads\/2025\/06\/kyle-evans-mAtHKw2rhqs-unsplash-1-1-1-683x1024.jpg\" class=\"attachment-large size-large wp-image-264\" alt=\"\" srcset=\"https:\/\/horizon-cellars.com\/wp-content\/uploads\/2025\/06\/kyle-evans-mAtHKw2rhqs-unsplash-1-1-1-683x1024.jpg 683w, https:\/\/horizon-cellars.com\/wp-content\/uploads\/2025\/06\/kyle-evans-mAtHKw2rhqs-unsplash-1-1-1-200x300.jpg 200w, https:\/\/horizon-cellars.com\/wp-content\/uploads\/2025\/06\/kyle-evans-mAtHKw2rhqs-unsplash-1-1-1-scaled.jpg 1707w\" sizes=\"(max-width: 683px) 100vw, 683px\" \/>\t\t\t\t\t\t\t\t\t\t\t\t\t\t\t<\/div>\n\t\t\t\t<\/div>\n\t\t\t\t<\/div>\n\t\t\t\t<\/div>\n\t\t<div class=\"elementor-element elementor-element-2b06e9e e-con-full e-flex e-con e-child\" data-id=\"2b06e9e\" data-element_type=\"container\">\n\t\t<div class=\"elementor-element elementor-element-9b3d98f e-con-full e-flex e-con e-child\" data-id=\"9b3d98f\" data-element_type=\"container\">\n\t\t\t\t<div class=\"elementor-element elementor-element-8ab9eeb elementor-widget__width-initial elementor-widget elementor-widget-heading\" data-id=\"8ab9eeb\" data-element_type=\"widget\" data-widget_type=\"heading.default\">\n\t\t\t\t<div class=\"elementor-widget-container\">\n\t\t\t\t\t<h2 class=\"elementor-heading-title elementor-size-default\">L\u2019\u00c9quilibre Parfait entre Passion et Pr\u00e9cision<\/h2>\t\t\t\t<\/div>\n\t\t\t\t<\/div>\n\t\t\t\t<div class=\"elementor-element elementor-element-0a72d59 elementor-widget elementor-widget-text-editor\" data-id=\"0a72d59\" data-element_type=\"widget\" data-widget_type=\"text-editor.default\">\n\t\t\t\t<div class=\"elementor-widget-container\">\n\t\t\t\t\t\t\t\t\t<p>Sacha, fondateur passionn\u00e9, incarne une nouvelle vision du monde du vin en Principaut\u00e9. Il a d\u2019abord consolid\u00e9 son savoir-faire en logistique et en service client chez ACE un acteur reconnu pour son exigence et sa r\u00e9activit\u00e9 dans la distribution de vins. Cette premi\u00e8re immersion sur le terrain lui a permis de saisir l\u2019importance de la pr\u00e9cision op\u00e9rationnelle et de la relation client.<\/p><p>Il a ensuite poursuivi son parcours au sein de maisons embl\u00e9matiques, telles qu\u2019Armand de Brignac France et Mo\u00ebt Hennessy en Allemagne, avant de rejoindre Latina SAM pour d\u00e9velopper l\u2019export. Ces exp\u00e9riences lui ont permis d\u2019affiner son regard sur l\u2019univers du vin, de la cr\u00e9ation \u00e0 la mise en march\u00e9, tout en nourrissant un profond respect pour les artisans du go\u00fbt.<\/p>\t\t\t\t\t\t\t\t<\/div>\n\t\t\t\t<\/div>\n\t\t\t\t<\/div>\n\t\t\t\t<\/div>\n\t\t\t\t<\/div>\n\t\t\t\t\t<\/div>\n\t\t\t\t<\/div>\n\t\t<div class=\"elementor-element elementor-element-890bf9c e-flex e-con-boxed e-con e-parent\" data-id=\"890bf9c\" data-element_type=\"container\">\n\t\t\t\t\t<div class=\"e-con-inner\">\n\t\t<div class=\"elementor-element elementor-element-08b8549 e-con-full e-flex e-con e-child\" data-id=\"08b8549\" data-element_type=\"container\" data-settings=\"{&quot;background_background&quot;:&quot;classic&quot;}\">\n\t\t<div class=\"elementor-element elementor-element-422c6bd e-con-full e-flex e-con e-child\" data-id=\"422c6bd\" data-element_type=\"container\">\n\t\t<div class=\"elementor-element elementor-element-8ac920d e-con-full e-flex e-con e-child\" data-id=\"8ac920d\" data-element_type=\"container\">\n\t\t\t\t<div class=\"elementor-element elementor-element-46cfd39 elementor-widget__width-initial elementor-widget elementor-widget-heading\" data-id=\"46cfd39\" data-element_type=\"widget\" data-widget_type=\"heading.default\">\n\t\t\t\t<div class=\"elementor-widget-container\">\n\t\t\t\t\t<h2 class=\"elementor-heading-title elementor-size-default\">Sacha Rebaudo, G\u00e9rant\u200b<\/h2>\t\t\t\t<\/div>\n\t\t\t\t<\/div>\n\t\t\t\t<div class=\"elementor-element elementor-element-dd0b88b elementor-widget__width-initial elementor-widget elementor-widget-text-editor\" data-id=\"dd0b88b\" data-element_type=\"widget\" data-widget_type=\"text-editor.default\">\n\t\t\t\t<div class=\"elementor-widget-container\">\n\t\t\t\t\t\t\t\t\t<p><span class=\"OYPEnA font-feature-liga-off font-feature-clig-off font-feature-calt-off text-decoration-none text-strikethrough-none\">Fort de ce cheminement, Sacha cr\u00e9e une maison fond\u00e9e sur l\u2019excellence, l\u2019\u00e9motion et la singularit\u00e9. Ici, chaque \u00e9tape \u2013 de la s\u00e9lection \u00e0 la livraison \u2013 incarne une vision du service pens\u00e9e pour les clients les plus exigeants. Restaurateurs \u00e0 la recherche de cuv\u00e9es rares, organisateurs d\u2019\u00e9v\u00e9nements de prestige ou particuliers passionn\u00e9s trouvent chez lui une offre sur mesure, soign\u00e9e dans les moindres d\u00e9tails.<\/span><\/p>\t\t\t\t\t\t\t\t<\/div>\n\t\t\t\t<\/div>\n\t\t\t\t<\/div>\n\t\t\t\t<\/div>\n\t\t<div class=\"elementor-element elementor-element-00c30c2 e-con-full e-flex e-con e-child\" data-id=\"00c30c2\" data-element_type=\"container\">\n\t\t\t\t<div class=\"elementor-element elementor-element-9f51773 elementor-widget elementor-widget-image\" data-id=\"9f51773\" data-element_type=\"widget\" data-widget_type=\"image.default\">\n\t\t\t\t<div class=\"elementor-widget-container\">\n\t\t\t\t\t\t\t\t\t\t\t\t\t\t\t<img decoding=\"async\" width=\"683\" height=\"1024\" src=\"https:\/\/horizon-cellars.com\/wp-content\/uploads\/2025\/07\/@Orphic-1-683x1024.jpg\" class=\"attachment-large size-large wp-image-518\" alt=\"\" srcset=\"https:\/\/horizon-cellars.com\/wp-content\/uploads\/2025\/07\/@Orphic-1-683x1024.jpg 683w, https:\/\/horizon-cellars.com\/wp-content\/uploads\/2025\/07\/@Orphic-1-200x300.jpg 200w, https:\/\/horizon-cellars.com\/wp-content\/uploads\/2025\/07\/@Orphic-1-768x1152.jpg 768w, https:\/\/horizon-cellars.com\/wp-content\/uploads\/2025\/07\/@Orphic-1-1024x1536.jpg 1024w, https:\/\/horizon-cellars.com\/wp-content\/uploads\/2025\/07\/@Orphic-1-1365x2048.jpg 1365w, https:\/\/horizon-cellars.com\/wp-content\/uploads\/2025\/07\/@Orphic-1-scaled.jpg 1707w\" sizes=\"(max-width: 683px) 100vw, 683px\" \/>\t\t\t\t\t\t\t\t\t\t\t\t\t\t\t<\/div>\n\t\t\t\t<\/div>\n\t\t\t\t<\/div>\n\t\t\t\t<\/div>\n\t\t\t\t\t<\/div>\n\t\t\t\t<\/div>\n\t\t<div class=\"elementor-element elementor-element-f81b079 e-flex e-con-boxed e-con e-parent\" data-id=\"f81b079\" data-element_type=\"container\">\n\t\t\t\t\t<div class=\"e-con-inner\">\n\t\t<div class=\"elementor-element elementor-element-1cd61fb e-con-full e-flex e-con e-child\" data-id=\"1cd61fb\" data-element_type=\"container\" data-settings=\"{&quot;background_background&quot;:&quot;classic&quot;}\">\n\t\t<div class=\"elementor-element elementor-element-33b8387 e-con-full e-flex e-con e-child\" data-id=\"33b8387\" data-element_type=\"container\">\n\t\t\t\t<div class=\"elementor-element elementor-element-af4aec0 elementor-widget elementor-widget-image\" data-id=\"af4aec0\" data-element_type=\"widget\" data-widget_type=\"image.default\">\n\t\t\t\t<div class=\"elementor-widget-container\">\n\t\t\t\t\t\t\t\t\t\t\t\t\t\t\t<img decoding=\"async\" width=\"683\" height=\"1024\" src=\"https:\/\/horizon-cellars.com\/wp-content\/uploads\/2025\/07\/vinarija-perak-ulXrwh5Xs1k-unsplash-683x1024.jpg\" class=\"attachment-large size-large wp-image-725\" alt=\"\" srcset=\"https:\/\/horizon-cellars.com\/wp-content\/uploads\/2025\/07\/vinarija-perak-ulXrwh5Xs1k-unsplash-683x1024.jpg 683w, https:\/\/horizon-cellars.com\/wp-content\/uploads\/2025\/07\/vinarija-perak-ulXrwh5Xs1k-unsplash-200x300.jpg 200w, https:\/\/horizon-cellars.com\/wp-content\/uploads\/2025\/07\/vinarija-perak-ulXrwh5Xs1k-unsplash-768x1152.jpg 768w, https:\/\/horizon-cellars.com\/wp-content\/uploads\/2025\/07\/vinarija-perak-ulXrwh5Xs1k-unsplash-1024x1536.jpg 1024w, https:\/\/horizon-cellars.com\/wp-content\/uploads\/2025\/07\/vinarija-perak-ulXrwh5Xs1k-unsplash-1365x2048.jpg 1365w, https:\/\/horizon-cellars.com\/wp-content\/uploads\/2025\/07\/vinarija-perak-ulXrwh5Xs1k-unsplash-scaled.jpg 1707w\" sizes=\"(max-width: 683px) 100vw, 683px\" \/>\t\t\t\t\t\t\t\t\t\t\t\t\t\t\t<\/div>\n\t\t\t\t<\/div>\n\t\t\t\t<\/div>\n\t\t<div class=\"elementor-element elementor-element-321da3d e-con-full e-flex e-con e-child\" data-id=\"321da3d\" data-element_type=\"container\">\n\t\t\t\t<div class=\"elementor-element elementor-element-877c99e elementor-widget__width-initial elementor-widget elementor-widget-heading\" data-id=\"877c99e\" data-element_type=\"widget\" data-widget_type=\"heading.default\">\n\t\t\t\t<div class=\"elementor-widget-container\">\n\t\t\t\t\t<h2 class=\"elementor-heading-title elementor-size-default\">Un Vin, un Visage, <br>une Histoire<\/h2>\t\t\t\t<\/div>\n\t\t\t\t<\/div>\n\t\t\t\t<div class=\"elementor-element elementor-element-77fd6cc elementor-widget__width-initial elementor-widget elementor-widget-text-editor\" data-id=\"77fd6cc\" data-element_type=\"widget\" data-widget_type=\"text-editor.default\">\n\t\t\t\t<div class=\"elementor-widget-container\">\n\t\t\t\t\t\t\t\t\t<p><span class=\"OYPEnA font-feature-liga-off font-feature-clig-off font-feature-calt-off text-decoration-none text-strikethrough-none\" style=\"color: #000000; font-kerning: normal;\">Chaque vin s\u00e9lectionn\u00e9 est porteur d\u2019un message fort : mettre en lumi\u00e8re les artisans-vignerons. Ceux dont les cr\u00e9ations, souvent \u00e9clips\u00e9es par les grandes marques, m\u00e9ritent d\u2019illuminer les plus belles tables de Monaco et de la C\u00f4te d\u2019Azur. Dans ce projet, chaque d\u00e9gustation devient le prolongement d\u2019un terroir, d\u2019un engagement et d\u2019un savoir-faire unique.<\/span><\/p>\t\t\t\t\t\t\t\t<\/div>\n\t\t\t\t<\/div>\n\t\t\t\t<\/div>\n\t\t\t\t<\/div>\n\t\t\t\t\t<\/div>\n\t\t\t\t<\/div>\n\t\t<div class=\"elementor-element elementor-element-e3070bd e-flex e-con-boxed e-con e-parent\" data-id=\"e3070bd\" data-element_type=\"container\" data-settings=\"{&quot;background_background&quot;:&quot;classic&quot;}\">\n\t\t\t\t\t<div class=\"e-con-inner\">\n\t\t\t\t<div class=\"elementor-element elementor-element-1b7d675 elementor-blockquote--skin-quotation elementor-blockquote--align-left elementor-blockquote--button-color-official elementor-widget elementor-widget-blockquote\" data-id=\"1b7d675\" data-element_type=\"widget\" data-widget_type=\"blockquote.default\">\n\t\t\t\t<div class=\"elementor-widget-container\">\n\t\t\t\t\t\t\t<blockquote class=\"elementor-blockquote\">\n\t\t\t<p class=\"elementor-blockquote__content\">\n\t\t\t\tBienvenue dans un univers o\u00f9 l\u2019excellence logistique rencontre la noblesse du go\u00fbt, et o\u00f9 chaque verre incarne l\u2019alliance de l\u2019authenticit\u00e9 et de la modernit\u00e9.\u200b\t\t\t<\/p>\n\t\t\t\t\t\t\t<div class=\"e-q-footer\">\n\t\t\t\t\t\t\t\t\t\t\t<cite class=\"elementor-blockquote__author\">Sacha Rebaudo<\/cite>\n\t\t\t\t\t\t\t\t\t\t\t\t\t\t<\/div>\n\t\t\t\t\t<\/blockquote>\n\t\t\t\t\t\t<\/div>\n\t\t\t\t<\/div>\n\t\t\t\t\t<\/div>\n\t\t\t\t<\/div>\n\t\t\t\t<\/div>\n\t\t","protected":false},"excerpt":{"rendered":"<p>Notre Histoire L\u2019\u00c9quilibre Parfait entre Passion et Pr\u00e9cision Sacha, fondateur passionn\u00e9, incarne une nouvelle vision du monde du vin en Principaut\u00e9. Il a d\u2019abord consolid\u00e9 son savoir-faire en logistique et en service client chez ACE un acteur reconnu pour son exigence et sa r\u00e9activit\u00e9 dans la distribution de vins. Cette premi\u00e8re immersion sur le terrain [&hellip;]<\/p>\n","protected":false},"author":2,"featured_media":0,"parent":0,"menu_order":0,"comment_status":"closed","ping_status":"closed","template":"elementor_header_footer","meta":{"_acf_changed":false,"footnotes":""},"class_list":["post-249","page","type-page","status-publish","hentry"],"acf":[],"_links":{"self":[{"href":"https:\/\/horizon-cellars.com\/index.php\/wp-json\/wp\/v2\/pages\/249","targetHints":{"allow":["GET"]}}],"collection":[{"href":"https:\/\/horizon-cellars.com\/index.php\/wp-json\/wp\/v2\/pages"}],"about":[{"href":"https:\/\/horizon-cellars.com\/index.php\/wp-json\/wp\/v2\/types\/page"}],"author":[{"embeddable":true,"href":"https:\/\/horizon-cellars.com\/index.php\/wp-json\/wp\/v2\/users\/2"}],"replies":[{"embeddable":true,"href":"https:\/\/horizon-cellars.com\/index.php\/wp-json\/wp\/v2\/comments?post=249"}],"version-history":[{"count":238,"href":"https:\/\/horizon-cellars.com\/index.php\/wp-json\/wp\/v2\/pages\/249\/revisions"}],"predecessor-version":[{"id":1180,"href":"https:\/\/horizon-cellars.com\/index.php\/wp-json\/wp\/v2\/pages\/249\/revisions\/1180"}],"wp:attachment":[{"href":"https:\/\/horizon-cellars.com\/index.php\/wp-json\/wp\/v2\/media?parent=249"}],"curies":[{"name":"wp","href":"https:\/\/api.w.org\/{rel}","templated":true}]}}